**2 + 15*w - 7. Let c be q(10). Let m = h - c. What is the units digit of m?
5
Let g(c) = -19*c - 41. Suppose -61*j = -56*j + 40. Let v be g(j). Suppose -4*y + v = -f - 327, -2*y = -2*f - 216. What is the units digit of y?
0
Let o(w) = -w**2 + 26*w + 87. Let v be o(-3). Let y be -1 - 13*-5*3. Suppose -5*j = -5*h - 350, 3*j = -v*h - h + y. What is the units digit of j?
6
Suppose -447*u - 33412 = -450*u - 4*t, 2*u = 4*t + 22308. What is the ten thousands digit of u?
1
Suppose 0 = -11*j - 46 + 79. Suppose -j*a - 2*w + 5130 = 0, -3*a + 1532 = 3*w - 3595. What is the tens digit of a?
1
Suppose 0 = -131*i - 846017 + 2114447 + 3269541. What is the thousands digit of i?
4
Suppose 125*b - 477444 = 92*b. What is the hundreds digit of b?
4
Suppose -15*x + 10*x + 3*m = -63, 2*m + 62 = 5*x. Suppose 0 = i + 1 - x. What is the units digit of i?
1
Let b = -26 - -39. Suppose 4*s - 12 = -4*g, 3*g + s = b + 2. Let x(u) = 14*u + 17. What is the units digit of x(g)?
1
Let d = 393 - -15500. What is the hundreds digit of d?
8
Let r = -22263 + 34712. What is the tens digit of r?
4
Let c(w) be the first derivative of -11*w**4/4 + 2*w**3 + 7*w**2 + 24*w + 5. What is the tens digit of c(-4)?
6
Suppose 0 = -5*h + 359 + 326. Let q = h - 40. Let l = 165 - q. What is the units digit of l?
8
Let y = -168437 - -249628. What is the units digit of y?
1
Suppose -15*y = -12*y - 3. Let d(j) = 148*j + 1. What is the hundreds digit of d(y)?
1
Suppose -19312 = 95*s - 111*s. What is the hundreds digit of s?
2
Let b = 67 + -29. Let i = 105 - 58. Let x = i - b. What is the units digit of x?
9
Let r(t) = -4*t**2 - 12*t - 12. Let a be r(-1). Let h(y) be the first derivative of -39*y**2/2 + 13*y - 13. What is the tens digit of h(a)?
6
Let m = -152 - -252. Let s = m - -46. Suppose 0 = 3*f - 3*u + 2*u - s, 3*u = -3*f + 150. What is the tens digit of f?
4
Suppose -5*b - 3*a = 0, 4*a + 23 = -0*b + b. Suppose -227 = 3*t + 3*j - j, 217 = -b*t - 4*j. What is the units digit of (2 - t) + (-22)/(-11)?
3
Let r(v) = 9*v**2 + 5*v - 124. Suppose 0 = -10*d + 39 + 41. What is the hundreds digit of r(d)?
4
Let i(x) = 9*x + 0 - 14*x + 44. Let g be i(19). What is the tens digit of g/(-2) + ((-12)/8)/(-3)?
2
Let p = -18 + 108. Let f = 192 - p. What is the tens digit of f?
0
Let l be ((-4)/6)/((-58)/(-957)). Let x = l + 15. Suppose i + x*s - 92 = 0, 3*i + 64 = 5*s + 289. What is the units digit of i?
0
Let l be ((-90)/72 + (-2)/(-8))*-5. Suppose 2*d = l*i + 519, 4*d + 754 = 3*i + 1799. What is the tens digit of d?
6
Let y(a) = -2*a - 35 - 10 + 9. Let t be y(-16). What is the units digit of 88 + t + (2 - 0)?
6
Let y(i) = 1836*i**3 + 2*i**2 - 1. What is the ten thousands digit of y(2)?
1
Let n be 1/(2/(-18)*-3). Suppose 0 = -n*d - 4*l - 568, 0 = 2*d - 8*l + 6*l + 402. Let w = -84 - d. What is the tens digit of w?
1
Suppose 41*h - 8*h - 237982 - 271868 = 0. What is the units digit of h?
0
Suppose 819*i - 17864 = 815*i. What is the tens digit of i?
6
Suppose 29 - 55 = -13*l. What is the hundreds digit of -29 + 401 + -1 + l + -1?
3
Suppose 0 = 4*r + 53 - 229. Let w = -36 + r. What is the units digit of (-6 + w)*1/(-2) + 6?
5
Let v = 55501 + 5766. What is the thousands digit of v?
1
Let d(c) = -c**3 + 2*c**2 + 25*c + 7. Let p be d(-8). Let k = p - 86. What is the tens digit of k?
6
What is the thousands digit of 4 + 9602 - (2 + 2)?
9
Let a(z) = z**2 + z - 1. Let j(k) = 5 - 6*k + 0*k**2 - 7 + 6*k**2 + 4*k. Let x(p) = -4*a(p) + j(p). What is the tens digit of x(7)?
5
Let u be (585/(-20))/((-1)/(-40)*-3). Let p = u - 254. Suppose s + p - 176 = 0. What is the units digit of s?
0
Let p = 12913 - -21841. What is the thousands digit of p?
4
Let d(u) be the first derivative of -u**4/4 + u**2/2 - 3*u + 72. Let j be (-1)/(28/(-16) + 2). What is the tens digit of d(j)?
5
Suppose -92*k - 28332 = -32789 - 54975. What is the units digit of k?
6
Suppose 8297 = n + 3*m, -3*n + 13148 = -4*m - 11743. What is the hundreds digit of n?
2
Suppose -1 = -2*w + 3*k, -5*k = 2*w + 3*w - 15. What is the tens digit of -121*w/(1/((-9)/6))?
6
Let z(b) = -56 + 144*b**2 - 57*b**2 + b**3 - 9*b - 52*b**2. What is the tens digit of z(-35)?
5
Let f(l) = -708*l - 198. What is the units digit of f(-34)?
4
Let p = 208 + -160. Suppose -3*w - w + 16 = 0. Suppose -p = -w*k + 68. What is the units digit of k?
9
Let b be (-1 - (-10)/1) + 7 + -5. Let z(o) = -14*o**2 - 8*o**2 + 3*o**3 - 13*o**3 + o + b*o**3 + 21. What is the units digit of z(22)?
3
Let k be (-33)/6*-2 - (-7 + 3). Suppose -k*w + 3964 = 19. What is the hundreds digit of w?
2
Let g = 647 - 926. What is the tens digit of g*(-3 + 1 + 0)?
5
Let t be -4*(-3)/(-18)*(1 + -7). Suppose t*g - 498 = -c, -2064 = -5*c - 4*g + 458. What is the hundreds digit of c?
5
Let n be (-1)/(-1*(-1)/9). Let k(s) = -9 + 18 - 5*s - 11. What is the tens digit of k(n)?
4
Let v be ((-13760)/(-15))/(5/15). What is the tens digit of (-10)/(-180)*12 - v/(-3)?
1
Suppose -7697 = -2*p + a + 2666, 4*a + 5171 = p. What is the units digit of p?
3
Let i be 572/104*1/((-1)/(-202)). Suppose 421 = 2*u - i. Suppose -66 = 5*m - u. What is the tens digit of m?
4
Suppose 8*w = 11*w + 18. What is the hundreds digit of 4950/11 + (w - 0)?
4
Suppose -237*x + 203*x - 226653 + 987403 = 0. What is the units digit of x?
5
Suppose -26*k - 6 = -28*k. Let m be 0/(2/k*3). Suppose 3*z = -g + 6*z + 134, 2*g + 4*z - 288 = m. What is the tens digit of g?
4
Suppose -8*a + 35712 = 10*a. Suppose 23*p - 25*p + a = 0. What is the tens digit of p?
9
Suppose -557745 - 747175 + 137927 = -281*v. What is the hundreds digit of v?
1
Let g(u) = -1 - 9 + 10*u + 125*u**2 + 9 + 69*u**2 + 0*u. What is the hundreds digit of g(-3)?
7
Let u(o) be the second derivative of 5*o**4/12 + 2*o**3/3 - 2*o**2 + 125*o. What is the units digit of u(-4)?
0
Let f be 2 + -3 + 2/(4/(-6)). Let t = f - -6. Suppose 0*u + t*d = -4*u + 192, 2*d = -3*u + 143. What is the tens digit of u?
4
Suppose -5*h = 7*h - 60. Let y(f) = 12*f**2 + 5*f + 10. What is the units digit of y(h)?
5
Suppose 14*m - 85 = 293. Suppose -2070 = m*r - 36*r. What is the hundreds digit of r?
2
Let y(p) = -229*p**2 - 3*p. Let x be y(-1). Let g(s) = 72*s - 10. Let d be g(6). Let i = d + x. What is the tens digit of i?
9
Let j(i) be the third derivative of i**6/120 + i**5/20 - i**4/24 + 2*i**3/3 - 28*i**2. Let o be j(-3). What is the tens digit of ((-114)/o)/((-7)/(-3 - -52))?
1
Let c = -23274 - -34513. What is the tens digit of c?
3
Let y(u) = 31165*u**2 + 12*u - 13. What is the hundreds digit of y(1)?
1
Suppose -4*g - p - 27 = 0, -3*g + p - 9 = 13. Let f be (g + -1 - -5) + -114. What is the units digit of (-7)/7 + (-1 - (f - -2))?
3
Let l = -72 - -80. What is the units digit of (l - 7)*2*661/2?
1
Suppose -7588 = -3*a - 2*i + 7709, -5*i + 20396 = 4*a. Suppose -3*f - 15 = 0, -68*h + a = -65*h + 2*f. What is the thousands digit of h?
1
Let y(o) = -19*o - 33. Let b(h) = -29*h - 49. Let r(p) = -p**3 + 6*p**2 - 5*p - 5. Let l be r(5). Let q(s) = l*b(s) + 8*y(s). What is the tens digit of q(-15)?
8
Let d be (-2)/(-3)*(-11568)/32. Let n = d + 1551. What is the thousands digit of n?
1
Suppose -2*h = 2*h - 72. Let p be h/(-99) - 598/(-22). Suppose 2*z = -z + p. What is the units digit of z?
9
Let h = 103945 - 61568. What is the ten thousands digit of h?
4
Let q be 1 + 0 + (1 - -1). Suppose 262*o - 16564 + 1788 - 44960 = 0. Suppose -n - q*v = -o, 0*n - 3*n + 2*v = -640. What is the units digit of n?
6
Let z(w) = 7*w + 26. Let i be z(-3). Suppose k - 126 = -2*v, i*v - 510 = -k - 3*k. What is the tens digit of k?
3
Suppose 2*h + 1 = -5. Let o(k) = -29*k**3 - 4*k**2 - 7*k - 6. What is the tens digit of o(h)?
6
Let x(u) = -41*u**2 + 161*u. Let a(t) = -15*t**2 + 54*t. Let d(s) = 11*a(s) - 4*x(s). What is the units digit of d(-42)?
6
Let r(g) be the third derivative of g**6/120 + 13*g**5/60 - 17*g**4/24 - 35*g**3/6 - 13*g**2. What is the units digit of r(-14)?
7
Let d(a) be the third derivative of -43*a**4/24 - 2*a**3/3 + 26*a**2. Let r be d(3). What is the hundreds digit of 3 + 0 - (r - 0)?
1
Let b(y) = 3*y**2 - 2*y + 21. Let w(x) = 2*x**2 - x + 10. Let z(o) = -4*b(o) + 9*w(o). Let v be z(-3). Let s = 7 + v. What is the tens digit of s?
7
Let v be (-6)/3 - 1*-7. Let m = -154 - -161. Suppose 74 = m*s - v*s. What is the units digit of s?
7
